alculate the remainder when b is divided by y.
14
Suppose 2*l - 52 = 4*b, -2*l + 3*b - 22 = -79. Calculate the remainder when l is divided by (-1 - (-3)/6)*-20.
6
Let f be (6/4)/(54/8064). Suppose -h - f = -2*h. What is the remainder when h is divided by 45?
44
Let f(h) = 11*h**2 - 4*h + 3. Suppose -v - 20 = -17. What is the remainder when f(v) is divided by 39?
36
Let k(y) = y**2 - 24*y + 26. Calculate the remainder when ((-42)/(-4))/(6/8) is divided by k(23).
2
Suppose 220 - 63 = -p. What is the remainder when 206 is divided by p/(-3) - (4 + -3)/3?
50
Let g = 9283 - 9271. Suppose 82 = -t + 2*t + 2*l, 0 = -3*t + l + 246. What is the remainder when t is divided by g?
10
Suppose 15*n = 38*n - 2484. Calculate the remainder when n is divided by 32.
12
Suppose 0 = 3*j - 8*j - w, -4*j = -2*w. Suppose -3*k = x - j*x - 16, 4*k + 4*x - 32 = 0. What is the remainder when 53 is divided by k?
1
Let w(k) be the third derivative of k**5/60 - k**4/24 + 5*k**3/6 + 8*k**2. Calculate the remainder when w(6) is divided by (-4)/2 + (-1 - -9).
5
Let k be 0 - 2/(4/(-86)). Suppose -5*t + 83 = 4*j, -j + 3*j + 3*t - k = 0. What is the remainder when j is divided by 22/88 - (-46)/8?
5
Suppose 15*k - 39*k + 10296 = 0. What is the remainder when k is divided by 24?
21
Let a(k) = 9*k**2 - 1. Let i = -40 + 37. Let x be (4 + i)/(1/(-2)). Calculate the remainder when a(x) is divided by 12.
11
Let o = 14 - 14. Suppose q + 3*y - 9 = o, q + 2*y + 0*y = 12. What is the remainder when 33 is divided by q?
15
Suppose 0*v + v - 139 = -2*c, -3*c = 3*v - 420. Calculate the remainder when v is divided by 24.
21
Let t = -13 + 17. Let i(r) = r**2 - 2*r - 6. Calculate the remainder when -5*(t - (-37)/(-5)) is divided by i(5).
8
Suppose 7*p = 52*p - 810. Calculate the remainder when 629 is divided by p.
17
Suppose 0 = -6*c + 11 + 7. Suppose -c*t = -5*u - 37 - 31, 5*t = 4*u + 135. Calculate the remainder when t is divided by 11.
9
Suppose 4*g - 2*g = 2*j - 90, 5*j - 235 = 3*g. Calculate the remainder when j is divided by 5.
0
Calculate the remainder when 8/18 + (-8250)/(-270) is divided by 2/(-4) - (-23)/2.
9
Let a(l) = l**3 - l**2 - 16*l + 4. Calculate the remainder when 164 is divided by a(5).
20
Let b = -974 + 1061. What is the remainder when b is divided by 48?
39
Suppose 4*m = -6*a + 3*a - 60, 5*m + 72 = -3*a. Suppose 171 = 4*p - p. Calculate the remainder when p is divided by 98/5 + m/(-30).
17
Let y(b) = 4*b**2 + 18*b + 7. Let r(k) = 2*k**2 + 9*k + 4. Let h(x) = 9*r(x) - 4*y(x). Calculate the remainder when h(-8) is divided by 6.
4
Let b = -43 - -28. Calculate the remainder when 9 is divided by ((-3)/8)/(b/120).
0
Let r be 2/(-12) + (-579)/(-18). Suppose -s - r = -8. What is the remainder when 7 is divided by (-3)/2*64/s?
3
Suppose 64 = 3*a + 5*p, 5*p - 5 = 20. Suppose 2999 = -5*w - v, -w - v = -2*w - 601. What is the remainder when a is divided by w/(-84) + (-1)/7?
6
Suppose -4*c = -y - 51, 4*y + c + 129 = 2*y. Let b = y - -35. What is the remainder when -212*(b/(-16) + -2) is divided by 14?
11
Let x = -270 - -317. What is the remainder when 168 is divided by x?
27
Suppose -1 + 7 = 2*w. Calculate the remainder when 1 is divided by (7/(14/6))/w.
0
Let s(q) = -6*q + 772. Calculate the remainder when s(-15) is divided by 9.
7
Let h(r) = r**2 + 8*r - 6. Let j be h(-9). Let q be (j/4)/(2/320). Suppose -9*b + q = -4*b. Calculate the remainder when 45 is divided by b.
21
Suppose -2*s - 2*x + 31 = -33, 6*s + 2*x = 208. Calculate the remainder when 319 is divided by s.
31
Suppose -4 - 5 = -k. Let m(y) be the third derivative of y**4/12 + 2*y**3/3 - y**2. Calculate the remainder when m(6) is divided by k.
7
Let t(m) = 13*m - 1. Suppose 0 = -3*l - 124 - 56. Let y = -45 - l. Calculate the remainder when t(2) is divided by y.
10
Suppose 0*y + 2*v + 1000 = 2*y, -4*v - 12 = 0. Suppose 0 = -7*p - 112 + y. Calculate the remainder when p is divided by 29.
26
Suppose -160*b + 171*b - 627 = 0. What is the remainder when 73 is divided by b?
16
Let r(s) be the first derivative of -s**2/2 + 16*s - 23. What is the remainder when 51 is divided by r(7)?
6
Suppose -3*n - 3*c = -159, -4*c = -3*n - 2*c + 139. What is the remainder when n is divided by 9?
4
Let m = 16 + -21. Let n be 23 + 2 + m + 5. Suppose -5*q + 0*q + n = 0. What is the remainder when 9 is divided by q?
4
Let d = -2778 + 2795. Let v(x) = 9*x**2 + 2*x**3 - 3*x**3 - 8 - 3*x - 3*x. Calculate the remainder when v(7) is divided by d.
14
Let p be (1 - 0)/(2/122). Suppose p = 8*s - 83. What is the remainder when 52 is divided by s?
16
Let b = 13 - 2. Let p = 29 + -15. Calculate the remainder when b is divided by (-21)/p*8/(-30)*10.
3
Let d = 190 + -68. Let t = 132 - d. What is the remainder when 53 is divided by t?
3
Let q = -12 + 20. Suppose -7 = -l - 0*l. Suppose -2*h + 19 = -l. What is the remainder when h is divided by q?
5
Let g be 1 + -5 - -8 - 20. Let y(i) = i**2 + 16*i + 9. Let t be y(g). Let h = t + -1. Calculate the remainder when h is divided by 3.
2
Suppose 4*z - 236 = -c, 5*z - 295 = -4*c + c. Let g = -41 + z. Calculate the remainder when 50 is divided by g.
14
What is the remainder when 91 is divided by ((-17)/2 + 1)*450/(-125)?
10
Suppose 3*r = 4*y + 823, 9*y - 8*y + 811 = 3*r. Calculate the remainder when r is divided by 54.
53
Suppose -2*m + 88 + 94 = 5*v, 5*m = v - 31. What is the remainder when 359 is divided by v?
35
Let g = -28 - -52. Calculate the remainder when g is divided by 14.
10
Let v = 3 - 1. Suppose 5*j = v*j + 6. Suppose j*l - 3*f = -0*l + 48, -2*f = -2*l + 46. What is the remainder when l is divided by 12?
9
Let p(n) = -2*n**2 - 32*n - 28. What is the remainder when 60 is divided by p(-15)?
0
Suppose -31 - 4 = -5*j + 3*f, 0 = j - 3*f - 7. Suppose 5*p - 15 = 10. Calculate the remainder when j is divided by p.
2
Let b(o) = 4*o**2 + 3*o + 2. Let y be b(-2). Let k = y - 12. Suppose k = 4*c - 0*c - 5*h - 79, 3*h + 60 = 3*c. What is the remainder when c is divided by 8?
5
Let t(d) = -d**3 + 33*d**2 - 52*d + 75. Calculate the remainder when t(30) is divided by 29.
26
Let m(l) = l**3 + 22*l**2 - 75*l + 17. Suppose -3*x + 40 = -161. Calculate the remainder when x is divided by m(-25).
16
Let g(w) = 7*w**2 + 31*w + 115. What is the remainder when g(-4) is divided by 13?
12
Suppose 7*t + 24 = 143. Calculate the remainder when 99 is divided by t.
14
What is the remainder when ((-2)/(-6))/(46/11730) is divided by ((-46)/3)/((-26)/39)?
16
Let v be 40/(-6)*57/(-2). Suppose 0 = 3*o + 2*o - v. Let u = 60 - o. What is the remainder when u is divided by 12?
10
Let d(t) = t**3 + 12*t**2 + 18*t - 16. Let r be d(-10). Suppose -4*i + 5*g + 414 = 0, 4*i - 194 = 2*i - r*g. What is the remainder when i is divided by 17?
16
Suppose -5*j + 57 + 58 = 0. What is the remainder when 54 is divided by j?
8
Let x(i) = i**2 + i - 2. Let v be x(-7). Let c = 77 + -55. Let t = c + v. What is the remainder when t is divided by 16?
14
What is the remainder when 180 is divided by (-310)/(-8) + (-217)/124?
32
Let p(q) = -15*q + 58 + 19*q - q. What is the remainder when p(-9) is divided by 8?
7
Let f(d) = d**2 - 6*d + 3. Let y be f(6). Suppose -y*i - 4*u + 92 = 0, -3*u = i - 0*u - 34. What is the remainder when 109 is divided by i?
25
Let q(z) = -z + 30. Calculate the remainder when q(11) is divided by 7.
5
Suppose 0 = -5*d - 3*a + 149, 17*d = 22*d - 4*a - 128. What is the remainder when 164 is divided by d?
24
Let j(q) = -q - 5. Let d be j(-6). Let b be 6/12*22/d. Let h = 22 - b. Calculate the remainder when 20 is divided by h.
9
Let b = 24 + -25. Let g(w) be the first derivative of 4*w**3 - w**2/2 - 2*w - 3. What is the remainder when g(b) is divided by 4?
3
Let y(u) = -13*u - 1. Let x = -1 + 0. What is the remainder when (-6)/(-4)*(-13)/(390/(-680)) is divided by y(x)?
10
Let n = 11 - 8. Suppose -3*a - 4 = 4*t + 1, -2*a + n*t = -8. Let z = a - -3. Calculate the remainder when 13 is divided by z.
1
Let z(r) = r**3 - 6*r**2 - 45. Let l(t) = -t**3 - t**2 + t - 1. Calculate the remainder when z(8) is divided by l(-4).
40
Suppose 25 = 2*v + 2*x + x, -3*x - 31 = -5*v. Suppose 0 = 4*s - 3*k + v*k - 19, 0 = -5*s + 3*k - 4. What is the remainder when 4 is divided by s?
0
What is the remainder when 5280/105 + 14/(-49) is divided by 9?
5
Let x = 923 - 668. Calcula